8537?
False
Is 29036000 a multiple of 8?
True
Does 538 divide 5005014?
True
Does 19 divide 1268325202?
True
Is 91 a factor of 2740465?
True
Is 289 a factor of 646368441?
True
Is 1588 a factor of 66911955?
False
Is 1795995843 a multiple of 55?
False
Is 733 a factor of 114618973?
False
Is 601 a factor of 6394063040?
True
Is 326 a factor of 2501434233?
False
Is 5503180 a multiple of 110?
False
Is 1253 a factor of 4562173?
True
Does 124 divide 49867562?
False
Does 3 divide 2193261?
True
Is 1676 a factor of 45998358?
False
Is 3574310292 a multiple of 4812?
True
Does 21 divide 8341284?
True
Is 100 a factor of 237381151?
False
Is 9869412 a multiple of 401?
True
Does 11 divide 18709284?
True
Is 26529074 a multiple of 814?
True
Is 2245 a factor of 47697270?
True
Is 134 a factor of 1806209699?
False
Is 465870946 a multiple of 18?
False
Does 560 divide 1160971280?
True
Is 1466073450 a multiple of 10?
True
Is 11399373 a multiple of 823?
True
Is 162 a factor of 8560248?
False
Is 7 a factor of 32605355?
False
Is 4150342623 a multiple of 19?
False
Does 364 divide 38256764?
True
Does 5060 divide 470696380?
True
Is 42641928 a multiple of 114?
True
Is 38948361 a multiple of 41?
False
Does 512 divide 111846400?
True
Is 49 a factor of 96759512?
False
Is 603720813 a multiple of 743?
False
Is 613685 a multiple of 695?
True
Is 27 a factor of 217712097?
True
Does 13 divide 3546203?
False
Is 3704957 a multiple of 900?
False
Does 40 divide 29347125?
False
Is 319 a factor of 23860558?
False
Does 116 divide 9746201?
False
Is 2080435173 a multiple of 1328?
False
Is 13 a factor of 13399698?
True
Is 9176 a factor of 1644528053?
False
Does 67 divide 91189677?
False
Is 49824180 a multiple of 42?
True
Is 18 a factor of 349237?
False
Is 75 a factor of 24576300?
True
Does 23 divide 881428703?
False
Does 154 divide 4943333?
False
Is 596634060 a multiple of 1860?
True
Does 2361 divide 71727180?
True
Is 4996 a factor of 443108353?
False
Does 553 divide 151366381?
False
Is 411841331 a multiple of 902?
False
Does 368 divide 214021808?
True
Is 82 a factor of 2936052?
False
Does 9 divide 26635968?
True
Is 43880396 a multiple of 4?
True
Is 57 a factor of 24719212?
False
Is 59528678 a multiple of 349?
False
Does 86 divide 346444120?
True
Does 19 divide 2041033?
False
Is 149 a factor of 435607432?
False
Does 8839 divide 276093359?
False
Is 35244250 a multiple of 12?
False
Is 397459203 a multiple of 89?
False
Is 3505547734 a multiple of 338?
True
Is 58089779 a multiple of 569?
True
Does 13 divide 7231965?
True
Is 8927903 a multiple of 139?
False
Is 789769438 a multiple of 155?
False
Is 4 a factor of 175589716?
True
Does 81 divide 26581203?
True
Is 139612726 a multiple of 11?
True
Is 14547660 a multiple of 444?
True
Is 222681087 a multiple of 1828?
False
Does 2549 divide 465771123?
True
Is 103530021 a multiple of 4?
False
Is 615946560 a multiple of 240?
True
Does 35 divide 1982824340?
True
Is 17 a factor of 28465378?
True
Is 31205565 a multiple of 22?
False
Is 7 a factor of 11374081?
False
Is 3601778748 a multiple of 276?
True
Is 29 a factor of 75060149?
True
Is 55907052 a multiple of 86?
True
Is 5 a factor of 102058118?
False
Is 27099589 a multiple of 446?
False
Does 19 divide 1314458?
True
Does 74 divide 17175178?
True
Is 239 a factor of 64032987?
False
Is 267870020 a multiple of 55?
True
Is 771842489 a multiple of 184?
False
Does 27 divide 1443123?
True
Is 198932535 a multiple of 163?
True
Is 3580 a factor of 126814340?
True
Is 9464396 a multiple of 201?
False
Is 392468039 a multiple of 13?
False
Is 256 a factor of 1135356928?
True
Does 37 divide 7140482?
True
Is 269315189 a multiple of 664?
False
Is 93546485 a multiple of 155?
False
Does 162 divide 668824614?
True
Does 455 divide 2018404916?
False
Does 1695 divide 26932518?
False
Is 8066465 a multiple of 2189?
True
Does 16 divide 889569856?
True
Is 9 a factor of 38085402?
False
Is 61584380 a multiple of 424?
False
Is 682362483 a multiple of 7?
False
Is 26822004 a multiple of 1923?
True
Is 518916543 a multiple of 20?
False
Is 286 a factor of 8142992?
True
Does 582 divide 1151918970?
False
Does 468 divide 38898756?
True
Is 65162581 a multiple of 897?
False
Does 957 divide 20146802?
False
Is 908 a factor of 1636216?
True
Is 19500672 a multiple of 258?
True
Is 5444019 a multiple of 63?
True
Is 1129 a factor of 11735955?
True
Does 3669 divide 1550716?
False
Is 51 a factor of 47665097?
False
Is 705216897 a multiple of 693?
True
Does 14 divide 2684782?
False
Does 239 divide 1614596766?
False
Is 18 a factor of 547258016?
False
Does 15 divide 102926519?
False
Is 2112967443 a multiple of 17?
False
Is 67 a factor of 8103114?
True
Is 141722702 a multiple of 9?
False
Is 6394 a factor of 215337132?
True
Is 1887891236 a multiple of 1507?
True
Does 363 divide 245790930?
True
Does 3091 divide 45873531?
True
Does 6 divide 177171592?
False
Is 39 a factor of 63715080?
True
Does 28 divide 1291258612?
True
Is 26 a factor of 1458730?
True
Is 352 a factor of 20104880?
False
Is 355 a factor of 23550564?
False
Does 126 divide 156134606?
False
Is 26209770 a multiple of 6?
True
Is 145 a factor of 282586150?
True
Is 19130880 a multiple of 96?
True
Does 95 divide 1156154882?
False
Is 102 a factor of 193804896?
True
Does 6 divide 3188094?
True
Is 14355450 a multiple of 1311?
True
Does 734 divide 9642312?
False
Is 218863719 a multiple of 28?
False
Is 489 a factor of 64609614?
True
Is 1184495136 a multiple of 5718?
True
Does 1299 divide 289583472?
True
Is 1718941197 a multiple of 643?
False
Is 965996738 a multiple of 4592?
False
Does 574 divide 2083046?
True
Is 3548 a factor of 122970132?
True
Is 103 a factor of 93396524?
False
Does 2 divide 4869616?
True
Does 463 divide 3153457349?
True
Is 22 a factor of 1411425556?
False
Is 3966650307 a multiple of 17?
True
Is 1940738206 a multiple of 372?
False
Is 15071521 a multiple of 2009?
False
Is 12 a factor of 10440331?
False
Is 57554739 a multiple of 5?
False
Does 27 divide 1197705690?
True
Is 72 a factor of 28141017?
False
Is 12 a factor of 66246540?
True
Does 1427 divide 26539346?
True
Does 814 divide 2075495?
False
Does 26 divide 142640550?
True
Is 23688126 a multiple of 6?
True
Is 308645280 a multiple of 80?
True
Does 1940 divide 195436306?
False
Is 19 a factor of 2322443676?
False
Does 41 divide 463108160?
False
Is 122 a factor of 18156162?
True
Is 1011 a factor of 9314333?
False
Does 58 divide 2141982415?
False
Is 168681632 a multiple of 385?
False
Is 104 a factor of 14123096?
True
Is 350 a factor of 6392013?
False
Is 544 a factor of 6292005084?
False
Does 1461 divide 4679583?
True
Is 30 a factor of 33862013?
False
Is 1218711548 a multiple of 4882?
False
Does 17 divide 66845513?
True
Is 94 a factor of 26737830?
True
Is 24 a factor of 5640182?
False
Is 761209179 a multiple of 61?
True
Is 1308929735 a multiple of 373?
True
Does 18 divide 205415496?
True
Does 358 divide 48767162?
False
Is 4823915 a multiple of 2?
False
Is 205444490 a multiple of 17?
True
Does 4 divide 429460103?
False
Is 22 a factor of 92871240?
True
Does 297 divide 28906713?
True
Is 2599 a factor of 422255374?
False
Is 13 a factor of 6173116?
False
Is 518099602 a multiple of 17?
False
Is 97468423 a multiple of 5140?
False
Is 154 a factor of 8271648?
True
Is 167 a factor of 27562895?
False
Is 2937 a factor of 185374798?
False
Is 338609367 a multiple of 750?
False
Is 217930861 a multiple of 1850?
False
Does 59 divide 61494343?
True
Is 133 a factor of 190461187?
True
Is 517943454 a multiple of 102?
True
Is 2714 a factor of 570472637?
False
Is 940 a factor of 1980810633?
False
Is 66128167 a multiple of 1063?
True
Is 598452599 a multiple of 307?
True
Is 182 a factor of 61746572?
False
Is 859 a factor of 275530263?
True
Is 367 a factor of 62793333?
True
Is 14302686 a multiple of 728?
False
Is 126450560 a multiple of 3239?
True
Is 33 a factor of 681433603?
False
Is 44064895 a multiple of 19?
True
Is 8 a factor of 476987339?
False
Does 96 divide 8745984?
True
Is 8557345619 a multiple of 131?
True
Is 18413604 a multiple of 198?
True
Is 5 a factor of 4959950?
True
Is 67 a factor of 75067586?
False
Is 9729260 a multiple of 81?
False
Does 709 divide 36797727?
False
Does 248 divide 18336074?
False
Is 280 a factor of 2559731440?
True
Does 23 divide 40089748?
False